ue
Is 22055385043 a prime number?
True
Is 1099632137 a composite number?
False
Is 402654929 prime?
False
Is 8735708591 prime?
False
Is 1557475987 composite?
True
Is 5056565363 prime?
False
Is 49541337233 prime?
True
Is 20842033991 a prime number?
True
Is 28804484083 a prime number?
False
Is 175295801 composite?
False
Is 44900867827 a composite number?
False
Is 713170543 composite?
False
Is 777719003 a prime number?
False
Is 18613882853 a composite number?
True
Is 406685627 composite?
False
Is 20962270169 composite?
True
Is 126602103 prime?
False
Is 21798463 a prime number?
False
Is 16936956737 a composite number?
False
Is 489037033 composite?
False
Is 136777929031 a prime number?
True
Is 2645389147 a prime number?
True
Is 22726685 composite?
True
Is 13636272593 composite?
False
Is 38542436249 prime?
True
Is 82996715027 a prime number?
False
Is 23527063687 a prime number?
False
Is 2952761473 prime?
True
Is 2942564819 prime?
True
Is 706062911 a composite number?
False
Is 9022807873 a prime number?
False
Is 10042277249 composite?
False
Is 7915302257 prime?
True
Is 83693731783 a prime number?
True
Is 164243567 a composite number?
False
Is 820526587 a prime number?
False
Is 1063050107 a composite number?
True
Is 197926136267 a composite number?
False
Is 327263177 a composite number?
False
Is 112243614662 a prime number?
False
Is 114701693 a composite number?
False
Is 6978223457 composite?
False
Is 5365518295 a prime number?
False
Is 47619116113 composite?
True
Is 6381912457 composite?
False
Is 1969010009 a composite number?
True
Is 1015613519 prime?
False
Is 631154541 composite?
True
Is 20988966149 a composite number?
False
Is 815308541 a prime number?
True
Is 3090303509 a composite number?
False
Is 7157613257 a composite number?
False
Is 19288449547 composite?
True
Is 121990573 composite?
True
Is 96374080639 composite?
True
Is 983790149 a composite number?
False
Is 121724985559 a composite number?
False
Is 1148858017 a composite number?
False
Is 2398523177 composite?
False
Is 8401087153 a prime number?
False
Is 1980047473 prime?
True
Is 674524265 prime?
False
Is 7047718367 prime?
False
Is 454149301 a prime number?
True
Is 47178854759 prime?
False
Is 747436483 prime?
False
Is 494983487 prime?
False
Is 450107261 prime?
True
Is 5631231971 prime?
False
Is 2183354003 composite?
True
Is 1069335933 composite?
True
Is 76882639 a composite number?
False
Is 35932962991 a composite number?
False
Is 12941657219 a prime number?
False
Is 109566611653 prime?
False
Is 29028397 a prime number?
False
Is 16275956881 a prime number?
False
Is 1345084883 a composite number?
False
Is 20002659499 a composite number?
False
Is 20552217659 prime?
False
Is 852153593 composite?
True
Is 16109099665 a composite number?
True
Is 491224709 a prime number?
False
Is 23808814457 a prime number?
True
Is 1317203947 prime?
True
Is 24656885311 a prime number?
True
Is 6987793429 a prime number?
True
Is 84726413389 a prime number?
False
Is 263659763 composite?
False
Is 19929791461 prime?
True
Is 404855507 prime?
False
Is 58379168317 prime?
True
Is 1399609201 composite?
True
Is 6056855707 composite?
True
Is 50314809001 prime?
True
Is 2709862499 a prime number?
False
Is 106706429 a composite number?
True
Is 1689013801 a composite number?
True
Is 25889581037 composite?
False
Is 21919838767 a composite number?
False
Is 1257593719 a prime number?
True
Is 60066409283 composite?
False
Is 110903886151 composite?
False
Is 16040111341 a prime number?
True
Is 409551677 composite?
False
Is 49292475383 a composite number?
True
Is 6181146353 a prime number?
False
Is 749971207 a composite number?
True
Is 5291554973 a prime number?
True
Is 317983093 a prime number?
False
Is 41037242623 prime?
False
Is 100237826147 prime?
False
Is 3581957641 a prime number?
True
Is 12828158117 prime?
True
Is 33100779323 a prime number?
False
Is 40709271359 composite?
False
Is 11814670349 a prime number?
False
Is 4704057511 prime?
False
Is 5356813663 prime?
True
Is 2218229477 composite?
False
Is 131730753197 a prime number?
False
Is 6586115269 composite?
True
Is 3779353 a composite number?
False
Is 553544747 prime?
False
Is 870107747 prime?
False
Is 2551351277 a prime number?
True
Is 37454061031 a prime number?
False
Is 30442644119 a prime number?
False
Is 3363813757 a prime number?
True
Is 2937115861 prime?
True
Is 624300277 composite?
False
Is 119477641 a prime number?
False
Is 1422791171 composite?
False
Is 166401939359 a prime number?
True
Is 125752602373 composite?
True
Is 14082304867 a composite number?
False
Is 2789048719 prime?
False
Is 13189295369 a prime number?
False
Is 28075102669 prime?
True
Is 140295158819 a prime number?
True
Is 34803609 a composite number?
True
Is 452963253 composite?
True
Is 48292378487 composite?
False
Is 1061324359 composite?
False
Is 1621204639 prime?
True
Is 46342932599 composite?
True
Is 889010557 prime?
True
Is 58352689 a prime number?
True
Is 2879168023 composite?
True
Is 3796248101 a prime number?
True
Is 1012380197 composite?
True
Is 50201205773 a composite number?
True
Is 23774209577 a prime number?
True
Is 17885893211 a prime number?
True
Is 1780805993 prime?
True
Is 26199483533 a composite number?
True
Is 290162259323 prime?
True
Is 171774043193 composite?
False
Is 4550683945 a prime number?
False
Is 1040349377 prime?
True
Is 30114317687 prime?
True
Is 2359325743 prime?
True
Is 6817601683 a prime number?
False
Is 4103984119 prime?
False
Is 413916827 composite?
True
Is 90285332899 a composite number?
False
Is 10359719827 prime?
True
Is 250966452481 composite?
False
Is 1076066593 composite?
True
Is 2315155039 prime?
True
Is 6394423279 a prime number?
True
Is 2038539121 composite?
False
Is 1318434638 a composite number?
True
Is 365468993 a composite number?
False
Is 14219982431 composite?
False
Is 58043123 a prime number?
False
Is 2386849063 a composite number?
False
Is 55624920641 a composite number?
True
Is 197338837 a composite number?
True
Is 5447235317 composite?
False
Is 31928210893 prime?
True
Is 32331102931 composite?
True
Is 5415564117 prime?
False
Is 4647284801 prime?
False
Is 88202763947 a prime number?
False
Is 1293018421 composite?
False
Is 5125839617 a composite number?
False
Is 152177203429 a composite number?
True
Is 176690647 composite?
True
Is 4260774743 prime?
False
Is 7183109803 composite?
False
Is 43522741637 composite?
True
Is 428012114 prime?
False
Is 10011478559 composite?
False
Is 6282909071 prime?
False
Is 1682137957 a prime number?
True
Is 1130833399 composite?
True
Is 560040407 prime?
True
Is 222505920123 a composite number?
True
Is 8094734411 composite?
False
Is 1167228721 a prime number?
False
Is 141752419 a composite number?
True
Is 45754281281 composite?
False
Is 2208674917 composite?
False
Is 1598766209 a prime number?
True
Is 963729843 a prime number?
False
Is 1112620283 composite?
True
Is 8537890541 a prime number?
False
Is 100978119791 a prime number?
True
Is 388966747 composite?
True
Is 14253817681 composite?
True
Is 1964637821 a composite number?
False
Is 6468713189 a prime number?
False
Is 2653252597 composite?
True
Is 3637857334 composite?
True
Is 864071653 prime?
True
Is 3101845973 a prime number?
True
Is 1385861051 a composite number?
False
Is 267554151157 a prime number?
False
Is 21486280063 a composite number?
False
Is 2400238447 a composite number?
True
Is 14696783 a composite number?
True
Is 81604069577 a prime number?
False
Is 175890173 a composite number?
False
Is 394932169 composite?
False
Is 391052945 composite?
True
Is 759024137 a composite number?
True
Is 886350461 a composite number?
True
Is 444610219 prime?
False
Is 503992753 composite?
True
Is 137554643 a composite number?
False
Is 22737028117 composite?
False
Is 3235527649 prime?
False
Is 895794241 a prime number?
False
Is 612573967 prime?
True
Is 5828408746 a composite number?
True
Is 388947491 a composite number?
False
Is 192491508869 composite?
True
Is 2101311431 prime?
True
Is 242617007 a prime number?
True
Is 22084735109 a composite number?
False
Is 7019800133 prime?
True
Is 12143927131 prime?
False
Is 8525950529 prime?
False
Is 120895716157 a prime number?
False
Is 1285383941 prime?
False
Is 24429927 a composite number?
True
Is 9287603791 composite?
True
Is 22841517